 - -11))
-19
What is the value of (7 - (-12 + 15)) + -1 + 0?
3
Evaluate 7 + (-22 - (9 + -15)) + 0.
-9
14 - (38 - -1 - 16)
-9
What is the value of -2 + -1 + 17 + (11 - (-12 - -18))?
19
Evaluate (-32 + 56 - 18) + (11 - -2).
19
Calculate (0 - 4) + (-95 - -99) + 1 + 20.
21
(-123 - -116) + (-2 - (2 - 4)) + 20
13
-12 + (-20 - -9) + (8 - 7)
-22
What is -8 - (2 + -6 + 0 + 11 + -1)?
-14
8 - (-15 + (-6 - -26))
3
What is the value of (-7 - -7) + 13 - 20?
-7
-4 + 962 + -989 + (8 - (0 - 1))
-22
13 + -70 + 56 - (-2 - -11)
-10
Calculate -2 - (-2 + 4 + 1) - (-37 + 33).
-1
What is the value of (-49 - -38) + 1 + 6 - (-5 + 0)?
1
What is -26 + -1 + (-15 - (-15 - 19)) + -23?
-31
Evaluate -7 + (-2 - (6 + (-7 - -12))).
-20
Evaluate -5 + 11 - (-1 - (-4 + 3) - 2).
8
Evaluate (-21 - -17 - (-1 - 8)) + -6 + -9.
-10
What is -1 - -7 - (-4 + 17 + (-31 - -19))?
5
Evaluate -3 + 3 + -22 + 3 + (29 - 24).
-14
Evaluate 4 + 5 + -5 + -12 + 5 + -1.
-4
What is the value of -5 - -4 - (6 + -9)?
2
Evaluate 18 - (-12 - (-12 + 3) - (-6 + 3)).
18
Calculate -10 + 10 + 5 + -11 + (2 - 23).
-27
Evaluate -47 + 36 + (-1 - (5 - (3 - -33))).
19
0 + 12 - (0 + (-27 - -10 - -12))
17
What is the value of 17 + -38 + -15 + 59?
23
What is -4 - -17 - (16 + 3 + -8)?
2
16 + -25 + -3 + 31
19
15 - (8 - 13) - (-2 + 0 - 2)
24
Calculate -4 + -12 + 2 - -1.
-13
What is -24 + (57 - 9) + -11?
13
Calculate (42 - 32) + (7 + -5 - (-2 + 46)).
-32
Evaluate 0 + -11 - ((30 - 39) + (6 - 0)).
-8
What is -12 - (16 + (-20 - 21))?
13
Calculate (2 - -2) + (-2 - (18 + -28)) - 52.
-40
What is the value of -3 - -12 - (21 - (-3 - -6))?
-9
Calculate -16 + (-2 + -16 - (-3 + 10 + -15)).
-26
Evaluate -1 - (4 + (-1 + 7 - 21)) - 9.
1
Evaluate 42 + -66 + -33 + 24.
-33
Evaluate -9 - 1 - (-60 + 35 - -16).
-1
What is the value of 8 + 40 + -75 + 52?
25
Calculate -12 - (-20 + -2 - (-56 + 60)).
14
What is (-21 - -19 - -7) + -16?
-11
Calculate -67 + 52 + -27 - -23.
-19
What is the value of 3 + -2 - (-4 - ((-16 - -9) + -4))?
-6
Evaluate -11 + -1 + 1 - (429 - 438) - -27.
25
What is the value of 3 - (-3 + 31 + -23 + -1 + -13)?
12
What is the value of 7 + 1 - (-29 + (-18 - -42))?
13
Evaluate 36 + (-8 - 1) + 16 + -12.
31
Evaluate -4 + (-2 - -6 - 4) - 1 - 7.
-12
-2 + -2 - (11 + 16 - 53)
22
What is 2 + 3 + -6 + 9 + 5?
13
6 + (-4 - ((-7 - (-10 + 0)) + -1))
0
Calculate 2 + -24 + (57 - 24) + (-4 - -1).
8
4 - (-10 - -3) - (-3 - (-5 + 8))
17
What is the value of 26 + 3 + 26 + 11 + -40?
26
(-2 - 11) + 180 + -180
-13
What is the value of 23 - (-23 - -30) - 17?
-1
What is the value of -6 + -16 - -15 - -1?
-6
What is the value of 22 + -34 + (27 - 18)?
-3
What is 56 + -28 - (11 + 46)?
-29
Calculate -11 + (10 - -7) + -13 - (-1 - 25).
19
What is 0 - (92 + -11 + -41)?
-40
Evaluate -2 + -22 + 11 + -3 - -5.
-11
Evaluate -29 - (-16 - (1 + 3 - 12)) - -3.
-18
123 + -110 + (-4 - -3 - 11)
1
Calculate 10 + 2 - (47 + -45).
10
Evaluate -27 - (-25 + (-6 - -15)).
-11
What is the value of -5 + 12 - (-19 - -6)?
20
What is the value of 2 + 0 + (6 + -4 - -1 - 9)?
-4
What is -5 + 25 - (-7 - (-13 - 3)) - 19?
-8
What is the value of 26 + 0 + (32 - 41)?
17
Calculate (-1 + -8 - (-46 - -50)) + 7.
-6
Calculate -61 + 66 - (-3 + -12).
20
What is 28 + -6 + -7 - 10 - 7?
-2
What is the value of 16 + -2 - 1 - 3 - (35 - 6)?
-19
What is 10 + (33 - 22) + -12?
9
1 - -6 - (-14 - (-9 + 6 + -4))
14
What is 21 - 4 - 19 - 7?
-9
Calculate 21 + -81 + 43 - (-20 + -4).
7
Calculate (-2 + 0 + 4 - -2) + (349 - 348).
5
What is the value of 47 + (-46 + 48 - 36)?
13
What is 8 + (5 - (12 - -2)) - (4 - 41)?
36
What is the value of (0 - 3) + 11 - (-10 - -9 - 4)?
13
What is the value of 6 + (9 - 8 - 9) - -20?
18
Calculate 4 + 11 + -6 + -7.
2
-39 + 25 + (7 - -9)
2
Calculate 5 + -1 - (-4 - (10 + -4)).
14
3 + -30 - (2 + -2 + -3 + -6)
-18
(-5 - (9 + -18)) + -4
0
What is the value of (-32 - -37) + -5 + 10?
10
Calculate -2 - 15 - (-162 - -145).
0
What is the value of 6 - (-3 + (-1 - 1) - (-6 + 6))?
11
What is the value of -7 + 11 + (9 - 12 - (-3 + -1))?
5
What is 1 + (-21 - 17) + 4 + 14?
-19
(2 - -6) + (-2 - -6 - 2)
10
What is the value of 45 + -33 + (4 - 6 - (3 + -1))?
8
What is (0 - (-3 + -3) - 1) + -99 + 99?
5
Evaluate 45 + 0 + -390 + 375.
30
Calculate -1 + 31 - (480 + -459).
9
Calculate 1 + 14 - (35 + (2 - 19) - 22).
19
Calculate 3 + 1 + -7 - -6 - (-1 - -3).
1
What is (-24 + -10 - -14) + 6?
-14
What is the value of (9 - (7 - -1)) + 0 + (-6 - -28)?
23
What is (-22 - (4 + -3)) + 2 - (83 - 83)?
-21
Calculate -4 - (17 - 9 - 18) - (-5 - 0).
11
What is 12 + (23 - (15 + 2))?
18
What is -9 + (0 - -1) + 123 + -123?
-8
What is the value of (4 - 1 - (0 - -7)) + 7?
3
What is 0 + -19 - (83 + -97)?
-5
What is 30 + (0 + 10 + (-8 - 4) - 3)?
25
Calculate 18 + (3 - 21 - 3).
-3
Calculate -274 + 271 - ((0 - (-4 - -2)) + 0).
-5
Calculate -33 + -1 - (-11 - (-11 + -18 - -19)).
-33
Calculate -8 + (8 - 31) - (-4 + -4).
-23
What is -11 + 12 + -11 + -12 + 4?
-18
What is the value of -10 + -3 + (-4 - -4) + 6?
-7
0 + -1 + 15 + (4 - (-22 + 29))
11
What is (-35 - -1) + (-681 - -691)?
-24
-29 - ((-23 - -17 - 30) + 17)
-10
Evaluate -8 + (-11 - -1) + (25 - (-19 - -37)).
-11
Calculate 95 + -121 + 14 + 2.
-10
What is the value of -20 + (1 - ((77 - 88) + (0 - -6)))?
-14
What is the value of 19 + (-3 - ((7 - 0) + (-6 - -5)))?
10
Calculate (7 + -1 - 8 - -16) + 0 + -4.
10
Calculate -19 + -19 - -26 - (0 + -2).
-10
Evaluate (11 - 5) + -2 - (7 - 1).
-2
What is the value of 1 - (0 - -5) - (-3 + 1)?
-2
-5 - ((-6 - -1 - -6) + 1 - 4)
-3
Calculate 2 + 9 - (23 - 0).
-12
Evaluate -6 + (-23 - 3 - (6 + -18)).
-20
What is the value of (7 - (-3 + 13)) + (3 - 0) - 19?
-19
What is 45 - 60 - (0 - 5)?
-10
-4 + -1 - (3 - (-8 + (5 - -8)))
-3
What is -4 + -2 + (16 - 27)?
-17
What is 1 + (7 - 8) - (56 - 47)?
-9
Calculate -6 - ((-7 - (-4 - -8)) + (-2 - -1)).
6
Evaluate 10 - (-106 + 117 - (-1 - 12)).
-14
What is 42 - 7 - 30 - 9?
-4
Evaluate 12 + -2 - (18 - (4 + 10)).
6
Evaluate -4 - (-1 - -7) - (86 - 113).
17
What is 2 + 0 + (-4 - (-3 - 3 - -3))?
1
(0 - -9) + (18 - (-7 + 26)) + -7
1
What is the value of (-2 - -1 - (-44 + 50)) + 22?
15
What is the value of -1 + -2 + 0 - ((40 - 74) + 36)?
-5
Calculate (-8 - ((-3 + 8 - 7) + 6)) + 8.
-4
What is 14 + -5 + 12 + (7 + -9 - 2)?
17
0 - (-41 - (5 - 29))
17
Evaluate 25 + -6 + 22 + -33.
8
(-7 + -19 - 3) + 48
19
Evaluate 11 + (-5 - (22 + -23)).
7
Evaluate -5 + (-3 - -2) + (-2 - 1).
-9
6 + -31 - (6 - (-4 + 7 + 9))
-19
What is 8 - -2 - (10 - (24 - 8))?
16
Calculate -11 + 22 + 6 + -5 + -1.
11
What is the value of 12 - 7 - (62 - 63)?
6
What is 3 + (1 - (-9 - 1) - -2)?
16
Evaluate 2 + 3 + -19 + 0 + 5.
-9
Evaluate -38 - (23 + -21 - 15).
-25
What is the value of 21 - 8 - (6 - -11)?
-4
Evaluate 2 + 7 + -7 + (9 - (-6 + 13)).
4
What is 3 - -3 - ((-3 - -14) + 7)?
-12
Calculate -70 + (-29 - -52) - -21.
-26
What is the value of 3 - 9 - -9 - (0 + 11)?
-8
Calculate (9 - (-27 + 30)) + -21.
-15
What is 7 + (-12 - -7) + -3 + 1 + 19?
19
What is 17 + -3 - (-77 + 77)?
14
(24 - (-18 - -38)) + -17
-13
What is the value of -778 - -775 - (-1 + -1 + 4)?
-5
Evaluate -121 + 138 + 5 + -46.
-24
-5 - (-1 + (19 - 27))
4
What is the value of 13 - (2 - 3 - (-2 + 1))?
13
Evaluate 18 + (-4 + -25 + 35 - (7 - 0)).
17
What is the value of (-26 - -14) + 27 + -2?
13
What is the value of (13 + -19 - (23 - 11)) + 5?
-13
What is 9 - (1 + (-8 + 16 - 14))?
14
Evaluate 3 + -6 + -7 + 15 + -7 + -11.
-13
-10 + 1 + (2 - -8) + -9 + -5
-13
What is the value of 15 - (-7 - -13) - (-17 + 24)?
2
Calculate (-11 - -21) + -11 + 0.
-1
0 - 4 - (-13 + 20) - (-19 - -10)
-2
Evaluate -14 + (0 - (-14 - -8)) - -7.
-1
Calculate (12 - 28) + (-13 - -6 - 2).
-25
Evaluate 7 + (1 + -11 - -6) + -9 + 20.
14
Evaluate -14 + -4 + 10 + 5.
-3
What is (-116 - -113) + (-11 - 0)?
-14
Evaluate -2 + -23 + 14 + 9.
-2
What is the value of (-2 + -2 + 4 - 20) + 11 + -5?
-14
Calculate 5 + (-17 + 5 - -2) + -1 + 7.
1
What is 6 - -1 - ((-21 - (-1 + 1)) + 25)?
3
Calculate -2 + 4 + -11 - (-1 - (6 + -5)).
-7
11 + -8 + 2 + -5 + (0 - 18)
-18
Evaluate -82 + 81 - (11 - 1).
-11
What is -2 + -1 - (-3 - 4 - 8)?
12
(-16 - -11) + -3 - (-6 - -10 - -12)
-24
(0 - -1) + (46 - 87) - -15
-25
Calculate (-11 - -5) + 15 - 9.
0
Evaluate -21 + 31 - (2 - -3).
5
What is 28 - (10 + -16) - 36?
-2
What is 3 + 6 + (22 - 11) + 4?
24
Evaluate (8 + -5 - 13) + 10.
